{"id":378,"date":"2026-01-21T20:26:18","date_gmt":"2026-01-21T19:26:18","guid":{"rendered":"https:\/\/atelierjulie.eu\/?post_type=product&#038;p=378"},"modified":"2026-02-22T16:33:06","modified_gmt":"2026-02-22T15:33:06","slug":"atelier-robe-enfant","status":"publish","type":"product","link":"https:\/\/atelierjulie.eu\/?product=atelier-robe-enfant","title":{"rendered":"Atelier &#8211; Robe enfant"},"content":{"rendered":"<p>Prise en main d&#8217;une machine \u00e0 coudre et surjeteuse<\/p>\n<ul>\n<li>Tra\u00e7age et d\u00e9coupe<\/li>\n<li>Surfilage<\/li>\n<li>Fronces<\/li>\n<li>Parementure<\/li>\n<li>Pose de pression<\/li>\n<li>Ourlet<\/li>\n<\/ul>\n<p>Dur\u00e9e : 2 heures<\/p>\n<p>Mat\u00e9riel fourni<\/p>\n<p>&nbsp;<\/p>\n","protected":false},"excerpt":{"rendered":"<p>Prise en main d&#8217;une machine \u00e0 coudre et surjeteuse Tra\u00e7age et d\u00e9coupe Surfilage Fronces Parementure Pose de pression Ourlet Dur\u00e9e : 2 heures Mat\u00e9riel fourni &nbsp;<\/p>\n","protected":false},"featured_media":408,"comment_status":"open","ping_status":"closed","template":"","meta":[],"product_brand":[],"product_cat":[29,38],"product_tag":[48],"class_list":{"0":"post-378","1":"product","2":"type-product","3":"status-publish","4":"has-post-thumbnail","6":"product_cat-atelier","7":"product_cat-vetements","8":"product_tag-robe","9":"bookacti-activity","11":"first","12":"instock","13":"shipping-taxable","14":"purchasable","15":"product-type-variable"},"jetpack_sharing_enabled":true,"_links":{"self":[{"href":"https:\/\/atelierjulie.eu\/index.php?rest_route=\/wp\/v2\/product\/378","targetHints":{"allow":["GET"]}}],"collection":[{"href":"https:\/\/atelierjulie.eu\/index.php?rest_route=\/wp\/v2\/product"}],"about":[{"href":"https:\/\/atelierjulie.eu\/index.php?rest_route=\/wp\/v2\/types\/product"}],"replies":[{"embeddable":true,"href":"https:\/\/atelierjulie.eu\/index.php?rest_route=%2Fwp%2Fv2%2Fcomments&post=378"}],"wp:featuredmedia":[{"embeddable":true,"href":"https:\/\/atelierjulie.eu\/index.php?rest_route=\/wp\/v2\/media\/408"}],"wp:attachment":[{"href":"https:\/\/atelierjulie.eu\/index.php?rest_route=%2Fwp%2Fv2%2Fmedia&parent=378"}],"wp:term":[{"taxonomy":"product_brand","embeddable":true,"href":"https:\/\/atelierjulie.eu\/index.php?rest_route=%2Fwp%2Fv2%2Fproduct_brand&post=378"},{"taxonomy":"product_cat","embeddable":true,"href":"https:\/\/atelierjulie.eu\/index.php?rest_route=%2Fwp%2Fv2%2Fproduct_cat&post=378"},{"taxonomy":"product_tag","embeddable":true,"href":"https:\/\/atelierjulie.eu\/index.php?rest_route=%2Fwp%2Fv2%2Fproduct_tag&post=378"}],"curies":[{"name":"wp","href":"https:\/\/api.w.org\/{rel}","templated":true}]}}