{"id":264,"date":"2026-01-06T16:08:53","date_gmt":"2026-01-06T15:08:53","guid":{"rendered":"https:\/\/atelierjulie.eu\/?post_type=product&#038;p=264"},"modified":"2026-02-22T16:39:43","modified_gmt":"2026-02-22T15:39:43","slug":"cours-creation-dune-pochette-doublee","status":"publish","type":"product","link":"https:\/\/atelierjulie.eu\/?product=cours-creation-dune-pochette-doublee","title":{"rendered":"Atelier &#8211; Cr\u00e9ation d&#8217;une pochette doubl\u00e9e"},"content":{"rendered":"<p>Prise en main d&#8217;une machine familiale avec la cr\u00e9ation d&#8217;une pochette doubl\u00e9e :<\/p>\n<ul>\n<li>Pose de thermocollant<\/li>\n<li>Pose de fermeture \u00e0 glissi\u00e8re<\/li>\n<li>Couture droite<\/li>\n<li>Cr\u00e9ation d&#8217;angles<\/li>\n<li>Retournement<\/li>\n<li>Couture main<\/li>\n<\/ul>\n<p>Dur\u00e9e : 1 heure 30 minutes<\/p>\n<p>Mat\u00e9riel fourni<\/p>\n","protected":false},"excerpt":{"rendered":"<p>Prise en main d&#8217;une machine familiale avec la cr\u00e9ation d&#8217;une pochette doubl\u00e9e : Pose de thermocollant Pose de fermeture \u00e0 glissi\u00e8re Couture droite Cr\u00e9ation d&#8217;angles Retournement Couture main Dur\u00e9e : 1 heure 30 minutes Mat\u00e9riel fourni<\/p>\n","protected":false},"featured_media":231,"comment_status":"open","ping_status":"closed","template":"","meta":[],"product_brand":[],"product_cat":[34,29],"product_tag":[45],"class_list":{"0":"post-264","1":"product","2":"type-product","3":"status-publish","4":"has-post-thumbnail","6":"product_cat-accessoires","7":"product_cat-atelier","8":"product_tag-pochette-doublee","9":"bookacti-activity","11":"first","12":"instock","13":"shipping-taxable","14":"purchasable","15":"product-type-variable"},"jetpack_sharing_enabled":true,"_links":{"self":[{"href":"https:\/\/atelierjulie.eu\/index.php?rest_route=\/wp\/v2\/product\/264","targetHints":{"allow":["GET"]}}],"collection":[{"href":"https:\/\/atelierjulie.eu\/index.php?rest_route=\/wp\/v2\/product"}],"about":[{"href":"https:\/\/atelierjulie.eu\/index.php?rest_route=\/wp\/v2\/types\/product"}],"replies":[{"embeddable":true,"href":"https:\/\/atelierjulie.eu\/index.php?rest_route=%2Fwp%2Fv2%2Fcomments&post=264"}],"wp:featuredmedia":[{"embeddable":true,"href":"https:\/\/atelierjulie.eu\/index.php?rest_route=\/wp\/v2\/media\/231"}],"wp:attachment":[{"href":"https:\/\/atelierjulie.eu\/index.php?rest_route=%2Fwp%2Fv2%2Fmedia&parent=264"}],"wp:term":[{"taxonomy":"product_brand","embeddable":true,"href":"https:\/\/atelierjulie.eu\/index.php?rest_route=%2Fwp%2Fv2%2Fproduct_brand&post=264"},{"taxonomy":"product_cat","embeddable":true,"href":"https:\/\/atelierjulie.eu\/index.php?rest_route=%2Fwp%2Fv2%2Fproduct_cat&post=264"},{"taxonomy":"product_tag","embeddable":true,"href":"https:\/\/atelierjulie.eu\/index.php?rest_route=%2Fwp%2Fv2%2Fproduct_tag&post=264"}],"curies":[{"name":"wp","href":"https:\/\/api.w.org\/{rel}","templated":true}]}}